?
4
Suppose 4 = 5*x - 1, -15 = 4*f + x. Let t(u) = u**3 + 5*u**2 + 2*u - 1. Suppose 75 = 4*r - r. Calculate the remainder when r is divided by t(f).
4
Let x = -9 + 20. Calculate the remainder when 19 is divided by x.
8
Let z(j) = 4*j**2 + 8*j - 9. Let x be z(-7). Calculate the remainder when 6/(-9) + x/3 is divided by 22.
21
Let l be 1/(-1)*-2*1. Suppose -2*n + 13 = -2*x - 1, -l*n = -5*x - 2. Calculate the remainder when n is divided by 4.
3
Suppose 0 = d + d - 10. Suppose -m = -3, d*m - 58 = 2*h - 3*h. What is the remainder when h is divided by 15?
13
Let a(i) = i**3 - 3*i**2 - 3*i - 2. Let p be a(4). Suppose p*h = 4*h - 2. Calculate the remainder when h is divided by 1.
0
Let b(v) be the first derivative of v**4/4 + 5*v**3/3 - 7*v**2/2 - 5*v - 10. Suppose 2*g - g = -6. What is the remainder when 2 is divided by b(g)?
0
Let q(x) = x**3 + 8*x**2 + 2*x - 3. Suppose -y + 0*y - 5*a = -3, 4*y - 117 = a. Suppose 3*s + y = -s. Calculate the remainder when q(s) is divided by 11.
10
What is the remainder when 73 is divided by (12 - -6) + 2 - -5?
23
Let u = 89 + -81. Calculate the remainder when 30 is divided by u.
6
Suppose -3*m + 9 = -0. What is the remainder when -6 + m - (0 - 46) is divided by 15?
13
Let q(j) = -j**3 + 6*j**2 + j - 4. Suppose -12 = -3*n - n, -51 = -3*a - 3*n. Calculate the remainder when q(5) is divided by a.
12
Suppose 4*c - 173 + 33 = 0. What is the remainder when c is divided by 6?
5
Let p be (7/(-14))/(1/(-4)). What is the remainder when (-1)/((-3)/126*p) is divided by 11?
10
What is the remainder when 255 is divided by (-6)/4*(-592)/24?
33
Let n = -3 + 5. Let c be (8/2)/(12/150). Suppose 24 = n*g - c. Calculate the remainder when g is divided by 13.
11
Suppose 5*a + l - 189 = 0, 5*l = -3*a + l + 127. Let d = a - 25. Calculate the remainder when 22 is divided by d.
10
Suppose -f - 25 = -6*f. What is the remainder when 19 is divided by f?
4
Calculate the remainder when 22 is divided by 28/6 - ((-4)/6)/(-1).
2
What is the remainder when 107 is divided by (-6)/27 - (3 - 573/27)?
17
Suppose 222 = 3*n + 3*j, 90 = -0*n + n + 5*j. Calculate the remainder when n is divided by 0 + 13 - (-1 - -2).
10
Let c = 1 + -3. Let w = 5 + c. What is the remainder when -1*w*9/(-1) is divided by 14?
13
Suppose -f = -5*f + 92. Let o = f + 12. Calculate the remainder when o is divided by 12.
11
Suppose -3*j - 4*d + 6 = 0, -5*j - 3*d = d - 10. Let f be (-153)/12 + j/(-8). Let w = f + 21. What is the remainder when 29 is divided by w?
5
Let v(d) = d + 13. Let l be -7 - 1 - (-24)/(-8). Calculate the remainder when 6 is divided by v(l).
0
Suppose -2*y + 7 - 1 = 0. Let i(h) be the first derivative of h**2/2 - 2*h + 2. Calculate the remainder when i(y) is divided by 1.
0
Let f(h) = -12*h**2 + 4*h - 2. Let k be f(3). Let q = k + 151. Calculate the remainder when q is divided by 18.
17
Suppose 0 = -5*d - z + 77, 0 = -4*d - 3*z - 26 + 92. Let s = 6 + -10. What is the remainder when (s/3)/(-4)*d is divided by 3?
2
Suppose -37 = -5*t + 268. Suppose y = -1, w + y + t = 4*w. What is the remainder when 78 is divided by w?
18
Let l = -97 - -113. Calculate the remainder when 42 is divided by l.
10
Suppose z - 27 = -2*z. Suppose q + 393 = 5*c, -4*c - 4*q = -248 - 52. Suppose -c = 3*i - 6*i. What is the remainder when i is divided by z?
8
Let l(o) = o**3 + 5*o**2 + o + 2. Suppose 5*v - 3*s - 32 = 0, 5*s + 6 = 3*v - 26. Calculate the remainder when l(-4) is divided by v.
2
Let a(u) = u**2 - 3*u + 5. Calculate the remainder when a(-4) is divided by 12.
9
Let i(c) = -5*c + 2. Let x be 12/4*7/(-3). Let w(a) = 5*a - 2. What is the remainder when i(x) is divided by w(3)?
11
Suppose 0 = 2*h + 2*f - 32, h + 2*f - 7*f - 28 = 0. Suppose -3*b - 2*w - 100 = -5*b, 5*w - 227 = -4*b. Calculate the remainder when b is divided by h.
17
Let z(w) = -6*w - 2. Let t be z(-2). Let c = t + 17. Suppose 5*m - 3*h = 82, -5*m + 0*h - 3*h = -58. Calculate the remainder when c is divided by m.
13
Suppose 77 = 3*x - 2*d, x + 0*x - 5*d = 4. Suppose 0 = a - 5*a + 132. Suppose -q - 2*q + x = -i, -q + a = -5*i. What is the remainder when 14 is divided by q?
6
Let n(y) = y**3 + y**2 + 10. Let a be n(0). Calculate the remainder when -1 + a + 3 + -3 is divided by 4.
1
Suppose 5*i - 24 = -9. What is the remainder when i is divided by (-2 - -1)*(-10 + 3 - -5)?
1
Suppose -3*j + 347 = 62. Calculate the remainder when j is divided by 25.
20
Suppose -4*l - m + 60 = 0, -3*l + 4 = 5*m - 24. Calculate the remainder when 61 is divided by l.
13
What is the remainder when 70 is divided by ((-16)/12)/((-8)/108)?
16
Suppose -p = p - 6, 0 = 2*u - 5*p - 5. Calculate the remainder when 40 + (0 - (0 + 1)) is divided by u.
9
Let c(a) be the second derivative of a**3/2 - 5*a**2 + a. What is the remainder when c(12) is divided by 9?
8
Calculate the remainder when (-254)/(-5) - (-10)/50 is divided by 13.
12
Suppose n + r - 5 = 0, 5*n + r - 41 = -0*r. Let y = n + -6. Suppose 3*a - 88 = -2*d - 2*d, 4*d + 80 = y*a. Calculate the remainder when a is divided by 15.
13
Let m = -57 - -66. Calculate the remainder when 34 is divided by m.
7
Suppose 0*u - 3*u + 6 = 0. Suppose -u*w + 37 + 75 = 0. Calculate the remainder when w is divided by 29.
27
Let c be 1155/20 - 1/(-4). Let z(u) = 4*u**3 - 3*u**2 + u - 2. What is the remainder when (c/(-3))/(1/(-3)) is divided by z(2)?
18
Let n be (26/(-6))/(3/(-9)). Let k = n - 6. Suppose 3*f - 114 = -3*f. Calculate the remainder when f is divided by k.
5
Suppose 3*s - 5*s + 2*h = 0, 2*s + 3*h - 25 = 0. Calculate the remainder when s is divided by 3.
2
Suppose 4*w + 0*w = 8. Let b(t) = -6*t. Let s be b(1). Calculate the remainder when (-4)/s*3 + 1 is divided by w.
1
Let g be 10/(-4)*(-30)/25. What is the remainder when g - (-9)/(3/3) is divided by 7?
5
Let q = -35 + 64. Let x = 9 + q. Calculate the remainder when x is divided by 50/4 - (-5)/10.
12
Let f be -1 - (15/(-3) - 2). Let s(p) = -p**3 + 7*p**2 - 3*p - 6. Calculate the remainder when 34 is divided by s(f).
10
Let r(k) = -k**2 + 8*k + 13. Let t be r(9). Suppose -39 = -p - t. Suppose -2*v = 3*h - 0*v - p, 4*h = -5*v + 35. What is the remainder when h is divided by 8?
7
Let y = 16 - 11. Let p = 206 - 90. Suppose -q - p = -y*q. Calculate the remainder when q is divided by 10.
9
Suppose -2*m = 2*m + 32. Let u be (0 - 2) + m + 2. Calculate the remainder when 27 is divided by (21/(-2))/(6/u).
13
Let o = 65 - 44. What is the remainder when o is divided by (-93)/(-9) - 4/(-6)?
10
Let a(u) = u**2 + u + 2. Let t be a(0). Let j be -1 + 741/3 - t. Suppose -2*g - 2*g = -j. What is the remainder when g is divided by 21?
19
Let t(z) = z**2 + 2*z - 4*z**2 + 3 + 4*z**2. Let m = 2 - 4. Calculate the remainder when 4 is divided by t(m).
1
Let a(h) = h**3 - 6*h**2 + 5*h - 6. Let m be a(5). What is the remainder when 6 is divided by m*2/(-4) - 1?
0
Suppose 0 = -7*o + o + 126. Let n = 14 - 6. Calculate the remainder when o is divided by n.
5
Suppose 2*j = -4*g + 746, 5*g - j - 191 = 4*g. What is the remainder when g is divided by 38?
36
Let r = 4 - 14. Let w(x) = -x**3 - 10*x**2 - 4*x - 6. What is the remainder when w(r) is divided by (3/(-2))/(1/(-8))?
10
Let i(y) = -y**2 + 9*y + 1. Let u(n) = 9*n**2 + 1. Let g be u(-1). Suppose 2*p = 6, 5*c - 3*p - 2*p - g = 0. What is the remainder when 41 is divided by i(c)?
20
Let u be (-16)/(-2)*(0 + 2). Let c = u + 13. Calculate the remainder when c is divided by 8.
5
Let f = -3 - -5. Suppose -3*z = f - 53. Calculate the remainder when 49 is divided by z.
15
Let m = -20 + 34. Suppose 4*d + 3*n = 111, 3*d - 5*n = 8 + 68. Calculate the remainder when d is divided by m.
13
Suppose 3*u - 8 = -59. Let c = 30 + u. What is the remainder when (4/(-6))/(8/(-444)) is divided by c?
11
Let s = -88 + 61. Let q be (-56)/(-9) - (-6)/s. Calculate the remainder when 21 is divided by 6 + 3/q*4.
5
Suppose 5*z - 29 = 61. What is the remainder when 89 is divided by z?
17
Let s(r) = 3*r**2 + 5*r - 1. What is the remainder when s(2) is divided by 6?
3
Suppose -3*u - 3*w = -87, 4*w - 96 = -5*u + 47. Let b(l) = l**3 + 3*l**2 - 4*l + 3. Calculate the remainder when u is divided by b(2).
12
Let z(c) = c**2 - 6*c + 6. Let y be z(5). What is the remainder when 17 is divided by -1*(-6 + y + -1)?
5
Let b(u) = u + 9. Calculate the remainder when 13 is 